 865 and b?
5
Let x(j) = j**2 - 5*j - 4. Let g be x(8). Let k = 22 - g. Let y be (k/2)/(2/4). Calculate the highest common divisor of 14 and y.
2
Suppose -j - 2*q + 101 = 0, 6*j + 4*q = 2*q + 556. Calculate the greatest common factor of 65 and j.
13
Let k be 21/(-5) - (-3)/15. Let v be k/3*(-3 + 0). Suppose v = 2*z - 0. What is the highest common divisor of z and 4?
2
Suppose 2*a = 3*a - 810. Suppose -6*f = -24*f + a. Calculate the greatest common divisor of f and 30.
15
Suppose -4*l = -2*l + 72. Let c be (-1)/4 + l/(-16). Suppose 0 = -c*i + u + 46, 2*i + 2*u - 40 = -0*u. What is the greatest common factor of 198 and i?
22
Let d(g) = 3*g. Let j be d(2). Let w(o) = o**3 + 24*o**2 - 109*o + 88. Let m be w(-28). What is the greatest common divisor of m and j?
2
Let v = -56 - -67. What is the greatest common factor of 33 and v?
11
Let x(z) = z**3 + 4*z**2 - 3*z - 5. Let k be x(-2). Suppose 5*p - 33 = 3*n, p + 5*n - k = 8*n. What is the highest common factor of p and 24?
6
Let h(m) = -m**3 - 19*m**2 - 18*m. Let p be h(-18). Suppose -3*x + 55 - 25 = p. What is the highest common divisor of 15 and x?
5
Suppose -2205 = -8*d - 13*d. What is the highest common divisor of d and 15?
15
Let b(u) = 52*u**2 - 10*u - 12. Let x be b(-2). What is the highest common factor of 48 and x?
24
Let p be 3*4/3 + 1. Suppose -4*j = -g + p*g - 924, -j + 231 = 2*g. Calculate the highest common divisor of j and 21.
21
Let i(n) = 155*n + 1105. Let f be i(-7). Calculate the greatest common factor of 35 and f.
5
Let q = 1272 - 1236. What is the highest common factor of q and 68?
4
Suppose 0 = -4*p + 17 + 11. Suppose 0 = -j + 4*d + 103, 2*j - 188 = -0*d + 2*d. What is the highest common divisor of j and p?
7
Let s = 431 - 412. Suppose 0 = 2*r - 6*r + 8. Let q be (-57)/r*4/(-6). Calculate the highest common factor of s and q.
19
Let z(o) = -12*o + 204. Let k be z(8). What is the greatest common factor of k and 81?
27
Suppose -3*m + 3*k = 273 - 1107, -3*m = 3*k - 846. Calculate the highest common divisor of 168 and m.
56
Let y(r) = -r**3 - 6*r**2 - 5*r + 10. Let c be y(-5). Let k(f) = -98 + c*f + 98. Let h be k(1). What is the highest common factor of 20 and h?
10
Let w(c) = c**3 - 8*c**2 + 3*c. Let j be w(8). Let i = -23 + j. Let u = i - -11. Calculate the highest common divisor of 108 and u.
12
Let k be (0 + -1 + -34)*-1. Let i be 51/5 + (-7)/k. Calculate the greatest common factor of i and 2.
2
Suppose 3*s + 2*p = 865, -5*s + 5*p + 2071 = 621. Let g = s + -133. Calculate the greatest common factor of g and 39.
39
Let b = 576 - 499. What is the highest common factor of b and 70?
7
Let j be (-44)/4 - -3 - 0. Suppose 2*q - q - 2*t + 6 = 0, -3*q - 3*t + 27 = 0. Let o = q - j. What is the greatest common factor of o and 12?
12
Suppose 3*a - 4*g - 352 = 0, -4*a + 4*g + 287 + 181 = 0. Calculate the highest common divisor of a and 1247.
29
Let z(m) = m**2 - 17*m + 14. Let l be z(19). Calculate the highest common divisor of l and 6.
2
Let t = -29 - -43. Let g be (-4)/(-5) + (-32)/(-10). Suppose -g*u + 2*u + 2 = 0, 5*c - 767 = 3*u. What is the greatest common factor of c and t?
14
Suppose -247*x + 244*x + 1173 = 0. What is the highest common divisor of x and 17?
17
Let x = 1401 - 223. What is the highest common factor of 57 and x?
19
Suppose -2*u + 53 = 3*k, -2*u + 4*u = 3*k - 49. Let h be (-2235)/(-12) + 0 + (-9)/(-12). What is the highest common divisor of k and h?
17
Let u(g) = 13*g**2 + 35*g + 246. Let s be u(-6). What is the highest common factor of 12 and s?
12
Let u(n) = 3*n + 28. Let v be u(0). Let i = v + 40. Calculate the highest common divisor of 170 and i.
34
Let q be (0 - -12)/(4/12). Let m be -2 + (-6)/(-3) + 4. Calculate the greatest common factor of m and q.
4
Suppose -4*n + 0*n + 2*t = -68, 3*n + 2*t - 44 = 0. Let v be (-51)/(-102)*32/1. Calculate the highest common factor of n and v.
16
Suppose -3*u - 61 + 19 = 0. Let i = u + 17. Suppose 0 = i*x - 30 + 9. What is the highest common divisor of x and 28?
7
Let z(i) = 17*i - 87. Let j be z(19). Calculate the highest common factor of 177 and j.
59
Let x be ((-28)/8 + 2)*8. Let v be 14/3 + 8/x. What is the highest common factor of v and 1?
1
Let w(h) = -40*h - 747. Let u be w(-19). Calculate the highest common divisor of u and 65.
13
Suppose 0 = 4*p - 2*a - 136, -12 = -p + 5*a + 22. Calculate the greatest common factor of p and 136.
34
Let q = -153 + 146. Let p be (-3)/((21/13)/q). What is the highest common factor of 117 and p?
13
Suppose q + 13 = -z, -8*q + 4*q + z = 27. Let g be (-2)/(-8) - 7838/q. Suppose g = -u + 6*u. What is the greatest common divisor of 28 and u?
28
Let r(c) = -c**2 + 5*c + 15. Let m = 31 + -26. Let i be r(m). What is the highest common factor of 105 and i?
15
Let p = -160 - -180. Calculate the highest common divisor of p and 45.
5
Let r(n) = -2*n**2 - 54*n + 1. Let x be r(-27). Let p be 2*(-2 - 17/(-2)). Let u = 20 - p. What is the greatest common factor of x and u?
1
Let n = 1017 + -802. Calculate the highest common factor of 5 and n.
5
Let y = -600 + 1615. Calculate the highest common divisor of 35 and y.
35
Let x be (5 - 4) + 0 + 4. Let z be ((80/12)/x)/(2/9). Calculate the greatest common factor of 6 and z.
6
Let h(y) = y**2 + 4*y - 11. Let l be h(4). Let o = l + 29. What is the highest common divisor of 10 and o?
10
Let y = 25 - -82. Suppose 0 = 4*i + 4, 0 = -j + 3*j + i - y. Calculate the greatest common factor of j and 6.
6
Let d = -39 - -51. Let o be d/(4 - 7) - -543. Calculate the highest common divisor of 49 and o.
49
Let b be 0 + 16 - (-1 - 0). Suppose 54*w - 48*w - 102 = 0. What is the greatest common factor of b and w?
17
Let i(d) = -d + 77. Let v be i(0). Let o = -516 - -523. Calculate the greatest common divisor of o and v.
7
Let m be 0 + (1 - 1) + 3. Suppose 71 = m*x - 73. Suppose 5*w - 5*s = 145, 45 = 3*w + s - 54. Calculate the highest common divisor of w and x.
16
Let l = 93 - 84. Suppose 5*y - 4*d = -l*d + 590, 368 = 3*y - 4*d. Calculate the greatest common factor of 15 and y.
15
Suppose 77*h - 68*h - 945 = 0. What is the greatest common divisor of 126 and h?
21
Let r(m) = -5*m + 3*m**2 + 0*m**2 + 0*m**2 - 2 - 2*m**2. Let z be r(7). Let n be (-4)/(z/(-33)) - 1. Calculate the highest common factor of n and 90.
10
Let k(n) = 6*n + 29. Let z be k(-3). Suppose -8*g + 44 = -4*g. Calculate the highest common factor of g and z.
11
Let c = 47 - -684. Let h be (2662/55)/11 + 6/(-15). Suppose -27 + c = h*a. Calculate the greatest common factor of a and 16.
16
Suppose 5*f + 4 = 29. Let j be f/(10/(-12))*-6. Let t(b) = b**3 - 6*b**2 + 6*b - 1. Let r be t(5). Calculate the greatest common divisor of r and j.
4
Suppose 0 = 19*i - 22*i + 135. What is the highest common factor of i and 390?
15
Suppose -2*t = 0, g + 4*t - 12 = 80. Suppose -3*a - m = 80, 75 = -4*a + m - 20. Let y = 48 + a. What is the greatest common divisor of y and g?
23
Suppose -34*c + 165 = -1025. Calculate the highest common divisor of 20 and c.
5
Let q be 0 + -8 - (-73 - 15). Let t(g) = 6*g**2 - g. Let j be t(1). What is the highest common divisor of j and q?
5
Suppose 0 = -3*f - 16 + 1, -w = f + 2661. Let m be (w/28)/(-4) - (-4)/14. What is the greatest common factor of m and 16?
8
Let y(s) = -29*s + 8. Let x(j) = 2*j**2 + 31*j - 22. Let b be x(-16). Let o be y(b). What is the highest common factor of 26 and o?
26
Suppose -21*r - 125 = -16*r. Let u = -13 - r. Calculate the greatest common divisor of u and 216.
12
Let f be 4497/15 + ((-14)/5 - -3). Calculate the highest common divisor of f and 15.
15
Let r(s) = 17*s - 8*s + 8 - 27*s + 8. Let v be r(-6). Suppose -145 = -3*d - 52. Calculate the highest common factor of v and d.
31
Let w(j) = -21*j**2 - 3*j - 1. Let m be w(-1). Let q be (2 + -1)*(-8)/2. Let l = q - m. Calculate the greatest common factor of 3 and l.
3
Let b(p) = p**3 - 9*p**2 + 4*p - 21. Let d be (26/8)/(3/12). Let u = d - 4. Let n be b(u). What is the greatest common factor of n and 105?
15
Let k be -2 + 15 + 1/(-1). Let w be (-42)/(-4) - k/8. What is the highest common factor of 45 and w?
9
Let j be 456/30 + 5/(-25) + 0. Calculate the highest common factor of j and 15.
15
Let k(q) = 2*q + 6. Let g be k(-7). Let a = g + 18. Let j(p) = p**3 - 5*p**2 + p - 1. Let o be j(5). Calculate the highest common fac